 hundreds digit of o(11)?
7
Let c(w) = -3*w + 32. Suppose 20 = s - 3*q, -s - 4*s - 3*q = -10. Suppose -20 = -s*x, 2*m + 5 = -2*x + 1. What is the units digit of c(m)?
0
Let t be (8/3)/(1 - (-35)/(-42)). Suppose 18*h - t*h = 4*i - 2282, -2297 = -4*i - h. What is the hundreds digit of i?
5
Let d be 3/(4 + 1352/(-344)). Suppose -36*o - 1232 = -d*o. What is the units digit of o?
6
Let w = -92 - -90. What is the tens digit of w + 321 - (0 + -2)?
2
Suppose 843 = 3*b - 3*d, b - 285 = -0*d - d. Let k = b + 66. What is the hundreds digit of k?
3
Let n be 8*(1/(-4))/(13/(-273)). Suppose -3*i + n*u + 3600 = 44*u, i - 4*u - 1186 = 0. What is the thousands digit of i?
1
Let t(v) = -1866*v + 549. Let d be t(-7). Suppose -4*n = 9*n - d. What is the thousands digit of n?
1
Let t = -52 + 43. What is the units digit of (-2)/t*1 - 6720/(-864)?
8
Let a(n) be the first derivative of 11*n**3/3 - n**2/2 - 7*n - 2573. Suppose 3*r + 30 = f - 6*f, r = -f - 8. What is the tens digit of a(f)?
9
Suppose 3*l = -4*n + 351, -n = -2*n + 4*l + 64. Suppose 388*w - 394*w = -n. What is the units digit of w?
4
Suppose -18605 = -4*k - i, k - 9280 = -k + 4*i. What is the hundreds digit of k?
6
Suppose g - 5*a = 3, -3*g + 7 = -2*a - 15. Let q(i) = -2*i**3 + 16*i**2 + i + 4. Let t be q(8). What is the tens digit of 3*t/g*18?
8
Let k = 14 + -24. Let g(b) = -b**2 - 11*b - 8. Let f be g(k). Suppose -148 = -4*d - z, -2*d + 4*d - 84 = f*z. What is the tens digit of d?
3
Let a(d) = d**3 + 5*d**2 + 4*d + 1. Let b be a(-3). Suppose -128*u + 372 = -124*u. Suppose 0 = b*w - 1395 + u. What is the hundreds digit of w?
1
Let m = -1709 - -6129. What is the units digit of m?
0
Suppose -2*f - 5*k + 8505 = 0, 0 = -3*f + 19*k - 18*k + 12783. What is the hundreds digit of f?
2
Let l(m) = -m**2 + 8*m - 4. Let q be l(7). Suppose 0*t - 5*t + 3*h = 6, -2*t + h = q. What is the tens digit of (t/2)/((-6)/268)?
6
Let f(k) = -k + 2. Let m be f(-4). Let b(s) = -155*s**3 + 25*s**2 + 24*s - 2. Let a be b(-1). Suppose -a = 4*l - m*l. What is the tens digit of l?
7
Let t(p) = 19*p + 156. Let v be t(-8). Let f(l) = 7*l - 15*l + 9 - 8*l + 7*l**2. What is the tens digit of f(v)?
5
Suppose 1646 = 2*x + 4*h, 0 = 4*x - 2*h + 735 - 3977. What is the tens digit of x?
1
Let s(x) = 47*x**2 + 102*x + 735. What is the hundreds digit of s(-31)?
7
Suppose 7*h - 4*h - 2547 = 24705. What is the tens digit of h?
8
Let p = 2424 + 479. What is the tens digit of p?
0
Suppose s + 41 = -3*q, -2*s + q = 2*q + 77. Suppose y - 72 = 2*o, -2*o + 486 = 5*y + 126. Let z = s + y. What is the tens digit of z?
3
Let w = 41010 - -42212. What is the units digit of w?
2
Let f be 1*(-19)/(-4) - 33/44. Suppose -4*b + 36 = -2*l, -l + 6 = -0*b + f*b. Let j = -4 - l. What is the units digit of j?
6
Let a = 107 + -188. Suppose -9*v - 109 - 287 = 0. Let j = v - a. What is the units digit of j?
7
Let m be 6 - 2 - (-7 - -13). Let c be m/13 + 4152/(-52). Let x = -4 - c. What is the tens digit of x?
7
Suppose 52 = 2*x - v, 0*x = 5*x - 2*v - 129. Let t(i) = 3*i + 8. Let m be t(6). Suppose -m = -f + x. What is the units digit of f?
1
Let y be (8/5 - 0)/((-17)/(-3740)). Let b = -219 + y. What is the hundreds digit of b?
1
Suppose 40*f + 64084 + 78140 = 46*f. What is the hundreds digit of f?
7
Suppose -9*h = 25*h - 23*h - 85591. What is the hundreds digit of h?
7
Let p = -11 + 11. Let u = -211 - -218. Suppose u*k + 2*k - 144 = p. What is the tens digit of k?
1
Let o(z) = z**3 + 24*z**2 + 2*z - 68. What is the thousands digit of o(-16)?
1
Let r be 110/6 - (-4)/(-24)*2. Suppose -4*m - 2*v - 122 = 0, m + 0*v = 2*v - r. What is the tens digit of (1 - 0)*m*3/(-3)?
2
Let g = -632 - -3393. What is the thousands digit of g?
2
Suppose 0 = 3*p - 4*n - 144781, 15374 - 111904 = -2*p + 5*n. What is the tens digit of p?
5
Let u = 13424 - -1355. What is the ten thousands digit of u?
1
Let p(g) = 137*g**2 - 5*g + 4. Let l be p(1). Let x = l + 285. What is the units digit of x?
1
Let n = 15019 + -7438. What is the tens digit of n?
8
Let k(r) = -22*r**3 + 82*r**2 + 18*r - 5. What is the ten thousands digit of k(-13)?
6
Suppose l + 3 + 4 = 2*w, 5*w + 5*l = -5. Suppose -w*n = -b + 41 + 15, -2*b - n = -87. Let q = -25 + b. What is the units digit of q?
1
Suppose -3*d - 380 = -7*d. What is the units digit of (d/(-20)*2)/((-5)/250)?
5
Suppose 2*x = -38*x + 151459 + 185221. What is the thousands digit of x?
8
Let c = 205 + -202. Suppose 0 = -c*v - 3, -770 + 180 = -4*p - 2*v. What is the hundreds digit of p?
1
Let w(h) = h**3 + 61*h**2 - 87*h - 49. What is the ten thousands digit of w(-58)?
1
Suppose -15*m + 29043 = 5*p - 17*m, 3*m = 4*p - 23240. What is the tens digit of p?
0
Let d = 666 - 235. Let q = d + -291. What is the hundreds digit of q?
1
Suppose 0 = 165*q - 717652 - 516556 + 447323. What is the units digit of q?
9
Suppose -48 = 4*y - 6*y. Suppose -6*i - 2*i = -y. Suppose 3*o - i*u = 735, -245 = 2*o - 3*o + 5*u. What is the hundreds digit of o?
2
Suppose h = 4, -s = 5*h - 1898 - 8511. What is the thousands digit of s?
0
Suppose 2*c = -5*d - 70, d - c + 12 = -9. Let l(x) = 3*x**2 + 35*x - 21. What is the units digit of l(d)?
7
Suppose 1029*y + 168 = 1031*y. What is the tens digit of 6977/7 + 24/y?
9
Suppose -5*f - 14742 = -4*t, 4*t - 3*f = -5*f + 14728. What is the units digit of t?
3
Suppose 0*r + 4358 = -6*r + 20732. What is the thousands digit of r?
2
Let g = -5819 + 16116. What is the tens digit of g?
9
What is the tens digit of (-396054)/(-42) + 5/35?
3
Let y = 198 + 409. Let x = 901 - y. What is the hundreds digit of x?
2
Suppose -s + 31 = o + 555, 2*s + 1042 = o. Let f = s - -1384. What is the tens digit of f?
6
Let x be 4 + 7/(7/(-2)). Suppose 4*r - r = 4*h + 137, -x*h - 72 = 2*r. Let n = -18 - h. What is the tens digit of n?
1
Suppose 0 = w - y - 2, 4*w - 3*y = -4*y + 33. Suppose 0 = w*j - 459 - 773. Suppose -173*q - 420 = -j*q. What is the units digit of q?
0
Suppose 110*w + 2688 = 106*w. Let c = -360 - w. What is the tens digit of c?
1
Let l(b) = 2403*b**2 - 647*b. What is the tens digit of l(3)?
8
Let j be 3*(-10)/(-45)*(-9)/(-6). Let c = -6 - j. What is the units digit of (14/2 - 14)*50/c?
0
Let b = 8981 - 1319. What is the units digit of b?
2
What is the thousands digit of -9 - 11 - 2 - -23474?
3
Suppose -256*i + 2416 = -240*i. Suppose t - a = i, 4*a = -5*t + 5*a + 739. What is the tens digit of t?
4
Let d(i) = 2*i**2 + 91*i - 483. What is the hundreds digit of d(-78)?
5
Suppose 5*z = 13 - 3, -x - 2*z = -6987. What is the tens digit of x?
8
Let z = -2 + -3. What is the hundreds digit of (-6136)/(-20) + (-1)/z?
3
Let m(q) = -q**3 - 2*q**2 + 109. Let v be m(0). Suppose -1839 = -5*n - v. Let c = -219 + n. What is the tens digit of c?
2
Suppose -4*t + 2*x + 129314 = -20000, -5*t = 4*x - 186688. What is the hundreds digit of t?
3
Let u(l) = 148*l - 464. Let h be u(13). Suppose i = 3*i + 4*q - 1464, -2*q = 2*i - h. What is the hundreds digit of i?
7
Suppose 0*f - 32932 = -3*f + 10019. What is the hundreds digit of f?
3
Let b = 7900 - 1688. What is the units digit of b?
2
Let t be (-2)/(-3) - (-6 + 12720/(-36)). Suppose 5*k + 1057 = 57. Let m = t + k. What is the hundreds digit of m?
1
Let a = -7701 + 10760. What is the hundreds digit of a?
0
Suppose -5*f - 66 = -f - 2*g, 3*f + 27 = -3*g. Let i = f + 114. What is the units digit of 79/5 + 4/i*5?
6
Let l = 68519 - 33209. What is the hundreds digit of l?
3
What is the hundreds digit of (1 - -9)*(-1 - 21/(-18))*13722?
8
Let x(j) = -24*j**2 - 2470*j - 79. What is the hundreds digit of x(-63)?
2
Let k(o) = -3*o - 65. Let j be k(-21). Let i be (558/15)/(j/(-10)). Let d = i + 0. What is the tens digit of d?
8
Let l(t) = -t**3 - 2*t**2 + 2*t + 1. Let k(s) = -11*s**3 - 19*s**2 - 9*s - 6. Let h(r) = -k(r) + 5*l(r). What is the thousands digit of h(5)?
1
Suppose -2*j + 5*w - 311 = 0, -5*w = 7*j - 4*j + 504. What is the tens digit of (0 - 1)*(j + -3)?
6
Suppose 122*l + 5*h + 27760 = 126*l, 0 = -4*l + h + 27776. What is the hundreds digit of l?
9
Let f = -100 - -68. Let z = -8 - f. Suppose -30 - z = -t. What is the units digit of t?
4
Let k(i) = -39*i + 196. What is the thousands digit of k(-32)?
1
Suppose -54*j + 98*j + 100310 = 49*j. What is the tens digit of j?
6
What is the tens digit of -6 + 98/14 + -3 + 37906?
0
Let b(y) = -20